t of 17367?
7
What is the hundred thousands digit of 131592?
1
What is the tens digit of 37656?
5
What is the hundreds digit of 88904?
9
What is the thousands digit of 1790?
1
What is the units digit of 68593?
3
What is the thousands digit of 2987?
2
What is the thousands digit of 72852?
2
What is the thousands digit of 1499?
1
What is the units digit of 717?
7
What is the units digit of 543?
3
What is the hundreds digit of 786?
7
What is the units digit of 62?
2
What is the hundreds digit of 550?
5
What is the units digit of 383?
3
What is the units digit of 138?
8
What is the tens digit of 5830?
3
What is the tens digit of 2405?
0
What is the units digit of 8548?
8
What is the tens digit of 96?
9
What is the tens digit of 22374?
7
What is the hundreds digit of 632?
6
What is the hundreds digit of 6469?
4
What is the tens digit of 12441?
4
What is the tens digit of 185?
8
What is the thousands digit of 11327?
1
What is the units digit of 1194?
4
What is the hundreds digit of 390?
3
What is the thousands digit of 4232?
4
What is the tens digit of 1534?
3
What is the ten thousands digit of 35270?
3
What is the hundreds digit of 472?
4
What is the units digit of 9184?
4
What is the units digit of 176642?
2
What is the tens digit of 1764?
6
What is the hundreds digit of 13587?
5
What is the units digit of 1926?
6
What is the hundreds digit of 1891?
8
What is the hundreds digit of 469?
4
What is the thousands digit of 4463?
4
What is the ten thousands digit of 18350?
1
What is the hundreds digit of 333?
3
What is the units digit of 12679?
9
What is the units digit of 23497?
7
What is the hundreds digit of 7094?
0
What is the tens digit of 302?
0
What is the tens digit of 1399?
9
What is the thousands digit of 8047?
8
What is the units digit of 1140?
0
What is the tens digit of 1236?
3
What is the tens digit of 27310?
1
What is the tens digit of 40428?
2
What is the tens digit of 132819?
1
What is the thousands digit of 6020?
6
What is the hundreds digit of 251?
2
What is the tens digit of 14?
1
What is the ten thousands digit of 10664?
1
What is the units digit of 6295?
5
What is the hundreds digit of 21133?
1
What is the ten thousands digit of 85328?
8
What is the tens digit of 1221?
2
What is the units digit of 1170?
0
What is the tens digit of 3328?
2
What is the hundreds digit of 2388?
3
What is the units digit of 69?
9
What is the tens digit of 1099?
9
What is the ten thousands digit of 17711?
1
What is the units digit of 33114?
4
What is the units digit of 184?
4
What is the tens digit of 71954?
5
What is the ten thousands digit of 18246?
1
What is the hundreds digit of 802?
8
What is the hundreds digit of 746?
7
What is the ten thousands digit of 19803?
1
What is the hundreds digit of 299?
2
What is the units digit of 2399?
9
What is the thousands digit of 1790?
1
What is the units digit of 523?
3
What is the units digit of 52367?
7
What is the ten thousands digit of 60151?
6
What is the tens digit of 107560?
6
What is the tens digit of 1761?
6
What is the units digit of 23395?
5
What is the thousands digit of 107216?
7
What is the units digit of 8581?
1
What is the ten thousands digit of 52459?
5
What is the ten thousands digit of 56517?
5
What is the tens digit of 217?
1
What is the hundreds digit of 35853?
8
What is the units digit of 7924?
4
What is the tens digit of 4548?
4
What is the units digit of 9985?
5
What is the tens digit of 569?
6
What is the tens digit of 3968?
6
What is the hundreds digit of 482?
4
What is the hundreds digit of 768?
7
What is the thousands digit of 1653?
1
What is the tens digit of 28717?
1
What is the tens digit of 22522?
2
What is the hundreds digit of 835?
8
What is the thousands digit of 1619?
1
What is the tens digit of 572?
7
What is the tens digit of 1122?
2
What is the units digit of 8688?
8
What is the hundreds digit of 1039?
0
What is the hundreds digit of 1129?
1
What is the hundreds digit of 240?
2
What is the ten thousands digit of 21441?
2
What is the units digit of 4392?
2
What is the tens digit of 282?
8
What is the thousands digit of 30477?
0
What is the thousands digit of 22057?
2
What is the thousands digit of 4770?
4
What is the hundreds digit of 95700?
7
What is the units digit of 3465?
5
What is the ten thousands digit of 37418?
3
What is the ten thousands digit of 156240?
5
What is the tens digit of 1602?
0
What is the tens digit of 1598?
9
What is the hundreds digit of 992?
9
What is the tens digit of 6949?
4
What is the tens digit of 1253?
5
What is the tens digit of 1711?
1
What is the units digit of 878?
8
What is the tens digit of 63163?
6
What is the units digit of 715?
5
What is the thousands digit of 1210?
1
What is the tens digit of 12119?
1
What is the units digit of 8832?
2
What is the ten thousands digit of 12732?
1
What is the ten thousands digit of 17048?
1
What is the thousands digit of 37760?
7
What is the tens digit of 2653?
5
What is the thousands digit of 1745?
1
What is the hundreds digit of 650?
6
What is the ten thousands digit of 19214?
1
What is the thousands digit of 2671?
2
What is the tens digit of 5450?
5
What is the tens digit of 381?
8
What is the tens digit of 44180?
8
What is the ten thousands digit of 17935?
1
What is the ten thousands digit of 32616?
3
What is the hundreds digit of 36868?
8
What is the thousands digit of 27315?
7
What is the ten thousands digit of 122846?
2
What is the hundreds digit of 598?
5
What is the ten thousands digit of 98826?
9
What is the tens digit of 1644?
4
What is the thousands digit of 2364?
2
What is the ten thousands digit of 24973?
2
What is the tens digit of 4011?
1
What is the tens digit of 1311?
1
What is the tens digit of 2794?
9
What is the tens digit of 906?
0
What is the thousands digit of 5917?
5
What is the units digit of 1619?
9
What is the tens digit of 868?
6
What is the tens digit of 1075?
7
What is the units digit of 899?
9
What is the tens digit of 30531?
3
What is the hundreds digit of 2994?
9
What is the thousands digit of 17183?
7
What is the tens digit of 8396?
9
What is the units digit of 2573?
3
What is the tens digit of 373?
7
What is the hundreds digit of 1355?
3
What is the hundreds digit of 125273?
2
What is the hundreds digit of 11665?
6
What is the hundreds digit of 21749?
7
What is the ten thousands digit of 48015?
4
What is the tens digit of 36548?
4
What is the tens digit of 8566?
6
What is the hundreds digit of 32006?
0
What is the ten thousands digit of 62667?
6
What is the tens digit of 53844?
4
What is the hundreds digit of 1838?
8
What is the thousands digit of 56479?
6
What is the ten thousands digit of 38237?
3
What is the tens digit of 84?
8
What is the tens digit of 498?
9
What is the hundreds digit of 890?
8
What is the ten thousands digit of 21395?
2
What is the thousands digit of 123844?
3
What is the units digit of 6400?
0
What is the tens digit of 1860?
6
What is the hundreds digit of 1439?
4
What is the hundreds digit of 285?
2
What is the units digit of 124661?
1
What is the thousands digit of 2475?
2
What is the hundreds digit of 10574?
5
What is the thousands digit of 59924?
9
What is the thousands digit of 20829?
0
What is the hundreds digit of 6585?
5
What is the ten thousands digit of 46036?
4
What is the ten thousands digit of 41960?
4
What is the tens digit of 2042?
4
What is the hundreds digit of 39468?
4
What is the tens digit of 6282?
8
What is the units digit of 70433?
3
What is the thousands digit of 3001?
3
What is the hundreds digit of 6561?
5
What is the thousands digit of 8853?
8
What is the thousands digit of 133810?
3
What is the units digit of 1882?
2
What is the thousands digit of 15856?
5
What is the tens digit of 56?
5
What is the tens digit of 51043?
4
What is the hundreds digit of 6414?
4
What is the thousands digit of 97581?
7
What is the thousands digit of 57732?
7
What is the thousands digit of 63757?
3
What is the units digit of 55017?
7
What is the thousands digit of 2764?
2
What is the units digit of 32896?
6
What is the units digit of 24453?
3
What is the units digit of 116028?
8
What is the ten thousands digit of 60175?
6
What is the tens digit of 6268?
6
What is the thousands digit of 1166?
1
What is the thousands digit of 4528?
4
Wha